r of 339461668 and 26?
26
Calculate the highest common divisor of 6506116 and 23500.
188
Calculate the greatest common factor of 5423 and 2425560.
493
Calculate the greatest common factor of 1360974 and 865696.
4162
Calculate the highest common divisor of 19623697 and 103599.
1279
Calculate the greatest common factor of 2537058 and 53682.
2334
Calculate the highest common divisor of 15638528 and 1104.
368
Calculate the highest common divisor of 55340055 and 2685.
15
What is the highest common factor of 3257482202 and 26?
26
What is the greatest common divisor of 4028 and 6062?
2
Calculate the greatest common divisor of 288 and 4972200.
24
What is the greatest common factor of 128052540 and 31185?
3465
What is the greatest common factor of 15197522 and 77083?
4057
What is the greatest common factor of 8435 and 332369125?
1205
What is the highest common divisor of 216818 and 27370?
238
Calculate the highest common factor of 93 and 66963720.
93
Calculate the highest common factor of 4636685 and 23805.
2645
Calculate the highest common factor of 1179889 and 3103.
107
What is the highest common divisor of 110396 and 470148?
772
Calculate the greatest common factor of 822 and 205974.
6
Calculate the greatest common divisor of 91760 and 45260.
620
What is the highest common factor of 21869124 and 12?
12
Calculate the greatest common divisor of 290646 and 2476998.
4338
What is the highest common factor of 1302187536 and 5616?
5616
What is the highest common divisor of 481 and 1110551?
13
What is the highest common divisor of 3092773 and 202526?
773
What is the greatest common factor of 33047344 and 2112?
176
What is the highest common factor of 9758507 and 88?
11
What is the highest common factor of 283859936 and 80?
16
What is the greatest common divisor of 25373331 and 162?
81
What is the highest common divisor of 33276 and 10148?
236
Calculate the highest common divisor of 1999592 and 392.
392
Calculate the greatest common divisor of 15514918 and 3935.
787
What is the greatest common divisor of 135 and 745031763?
27
Calculate the highest common divisor of 120780 and 604510.
610
What is the greatest common factor of 63264135 and 165?
165
Calculate the greatest common divisor of 45960 and 273840.
120
What is the greatest common factor of 357 and 195317157?
21
What is the greatest common factor of 26477925 and 380?
95
What is the greatest common factor of 1320501 and 1323?
147
What is the highest common divisor of 1283350 and 225?
25
Calculate the greatest common divisor of 4 and 5554958.
2
Calculate the highest common divisor of 918 and 961578.
54
Calculate the greatest common divisor of 8619800 and 11985.
235
What is the greatest common factor of 39623133 and 33?
33
Calculate the highest common factor of 44 and 25315460.
4
What is the highest common factor of 89082 and 35427?
147
Calculate the greatest common factor of 6745 and 1124995.
355
What is the highest common factor of 7405 and 621301715?
7405
What is the highest common divisor of 263244 and 2274?
6
Calculate the greatest common factor of 1410 and 28623470.
470
What is the highest common factor of 403387374 and 156?
78
Calculate the greatest common divisor of 144290328 and 8736.
2184
Calculate the greatest common factor of 564742 and 368.
46
What is the highest common divisor of 749148631 and 77?
77
What is the highest common factor of 43144141 and 8845?
1769
Calculate the highest common divisor of 12518814 and 4266.
474
Calculate the greatest common factor of 321111 and 7581.
21
What is the highest common factor of 167712 and 14304?
96
What is the greatest common factor of 12460 and 80500?
140
What is the greatest common divisor of 8585085 and 1190?
85
Calculate the highest common divisor of 2574150 and 52662.
786
Calculate the greatest common factor of 30528 and 163072.
64
Calculate the highest common divisor of 306 and 2910910.
34
Calculate the greatest common factor of 82128 and 111882.
174
Calculate the highest common divisor of 4371 and 1290189.
93
What is the greatest common divisor of 123032538 and 27?
9
What is the highest common factor of 45 and 301868685?
45
Calculate the greatest common factor of 942 and 237571929.
471
What is the greatest common divisor of 401698 and 7457329?
6479
What is the greatest common factor of 19161510 and 60?
30
Calculate the greatest common divisor of 16902969 and 374709.
5133
Calculate the highest common divisor of 2072263 and 369.
41
What is the greatest common divisor of 7421118 and 6858?
762
What is the greatest common divisor of 243117226 and 66?
22
Calculate the greatest common factor of 1591360 and 20960.
160
Calculate the greatest common factor of 153 and 95047.
17
What is the highest common divisor of 115976 and 106954288?
6104
Calculate the highest common factor of 4765 and 11128181.
953
What is the greatest common divisor of 38200419 and 27?
9
What is the highest common divisor of 964824 and 1792?
56
Calculate the highest common divisor of 5589 and 754101.
207
What is the highest common factor of 1500 and 552255?
15
Calculate the greatest common divisor of 370617 and 4708847.
2873
Calculate the greatest common factor of 134937 and 1009107.
99
What is the greatest common factor of 900 and 336027150?
450
Calculate the highest common factor of 681119 and 103872.
541
What is the greatest common factor of 75 and 45275700?
75
What is the greatest common factor of 69548316 and 108?
12
Calculate the greatest common factor of 841276 and 20.
4
What is the highest common factor of 104 and 280220148?
52
Calculate the highest common factor of 120 and 706845.
15
What is the highest common factor of 885 and 14397357?
177
What is the highest common factor of 65579128 and 758?
758
Calculate the greatest common factor of 1092 and 3471412.
28
What is the highest common factor of 6092 and 41332?
4
Calculate the highest common divisor of 785 and 1402434685.
785
Calculate the highest common divisor of 4545 and 21699345.
1515
What is the highest common divisor of 53480 and 3640?
280
Calculate the greatest common factor of 76 and 153844273.
19
What is the greatest common divisor of 1169556328 and 1808?
904
Calculate the greatest common divisor of 2 and 13749.
1
Calculate the greatest common divisor of 450096178 and 1946.
1946
What is the highest common divisor of 8962437 and 66?
33
Calculate the highest common factor of 159722122 and 14.
14
What is the highest common divisor of 107630320 and 1008?
112
Calculate the highest common divisor of 552 and 4211967.
69
Calculate the highest common divisor of 16 and 40240560.
16
Calculate the highest common divisor of 46750 and 60962.
374
What is the highest common divisor of 115821300 and 26950?
2450
Calculate the highest common factor of 53930368 and 2176.
128
Calculate the highest common divisor of 4275397 and 784.
49
Calculate the greatest common divisor of 31902820 and 4240.
1060
What is the highest common factor of 209 and 14305385?
19
Calculate the highest common divisor of 129 and 4692096.
3
Calculate the highest common factor of 312 and 823920.
24
Calculate the highest common factor of 459240 and 26166.
534
Calculate the highest common factor of 20629 and 815056.
421
What is the greatest common divisor of 659021505 and 15?
15
What is the greatest common divisor of 992 and 438252704?
992
What is the greatest common divisor of 137826465 and 4025?
805
Calculate the highest common divisor of 319 and 5049509.
29
What is the greatest common divisor of 1264830 and 24654?
42
What is the highest common divisor of 2150 and 1698650?
50
What is the greatest common divisor of 838300 and 200?
100
Calculate the highest common factor of 7200 and 993408.
96
Calculate the greatest common factor of 64 and 209860560.
16
What is the highest common divisor of 40 and 2154325800?
40
Calculate the highest common factor of 9071162 and 2067.
53
What is the highest common factor of 588302 and 5434?
286
What is the highest common divisor of 38766 and 93294?
426
What is the highest common divisor of 7459038 and 13248?
414
What is the highest common divisor of 1078087 and 6841607?
2573
Calculate the greatest common factor of 3035902 and 7664.
958
Calculate the greatest common factor of 8670 and 102646.
34
Calculate the greatest common factor